oes 447 divide 1889528332?
False
Does 29 divide 55106699?
True
Does 44 divide 1434419844?
True
Is 57397523 a multiple of 402?
False
Is 245306400 a multiple of 172?
True
Is 65 a factor of 24079250?
True
Is 967 a factor of 834575152?
True
Is 7698456 a multiple of 12?
True
Does 98 divide 94090118?
False
Is 66266563 a multiple of 927?
False
Is 18397747 a multiple of 7?
False
Does 16 divide 11659483?
False
Is 276 a factor of 778690116?
True
Is 1548652 a multiple of 5?
False
Does 5660 divide 119015248?
False
Does 100 divide 24068358?
False
Is 7229 a factor of 985956081?
True
Is 21 a factor of 8591100?
True
Is 14 a factor of 27019249?
False
Is 339744804 a multiple of 148?
True
Is 194449418 a multiple of 98?
False
Is 106 a factor of 696834806?
False
Is 28263888 a multiple of 39?
False
Is 68714646 a multiple of 119?
True
Is 4603980708 a multiple of 13274?
True
Is 9 a factor of 31527405?
True
Is 5 a factor of 100797359?
False
Does 939 divide 116154300?
True
Is 10314074 a multiple of 23?
True
Is 4614364 a multiple of 58?
True
Is 7 a factor of 190364167?
True
Does 28 divide 883277220?
True
Is 1106 a factor of 35765720?
False
Is 112 a factor of 441378740?
False
Is 229583652 a multiple of 103?
False
Is 3134218 a multiple of 93?
False
Does 360 divide 40439960?
False
Is 1537309098 a multiple of 299?
True
Is 23 a factor of 3334309?
False
Is 126582661 a multiple of 2207?
False
Is 324 a factor of 19797372?
True
Does 6 divide 514917098?
False
Does 4380 divide 1636772842?
False
Does 1541 divide 75284113?
False
Is 40 a factor of 27034680?
True
Is 35774999 a multiple of 2541?
False
Is 102725338 a multiple of 67?
True
Is 13 a factor of 12266790?
False
Is 18322455 even?
False
Does 18 divide 1229222271?
False
Is 642387973 a multiple of 31?
False
Does 21 divide 4737390?
True
Is 210 a factor of 24897180?
True
Is 223649152 a multiple of 64?
True
Is 248 a factor of 133770456?
True
Does 263 divide 185370027?
True
Is 21169616 a multiple of 456?
False
Does 103 divide 19153780?
False
Is 574285549 a multiple of 83?
True
Does 18 divide 3312390015?
False
Does 2029 divide 82158268?
True
Is 1081 a factor of 42862095?
False
Is 169 a factor of 19750901?
False
Is 11 a factor of 629205?
False
Is 69 a factor of 18917051?
False
Is 461039222 a multiple of 11?
False
Is 24 a factor of 31134966?
False
Is 914 a factor of 160593826?
False
Is 758 a factor of 203971225?
False
Is 368288172 a multiple of 33?
False
Is 64 a factor of 21317728?
False
Is 2344 a factor of 2782698?
False
Is 21667620 a multiple of 260?
True
Is 13 a factor of 17591119?
True
Does 43 divide 311958396?
False
Is 55535369 a multiple of 9?
False
Is 36 a factor of 47270088?
True
Is 223262105 a multiple of 7?
False
Is 432 a factor of 4913756636?
False
Is 210963344 a multiple of 592?
True
Is 387 a factor of 1473144379?
False
Is 906406128 a multiple of 2130?
False
Is 383938830 a multiple of 290?
True
Does 876 divide 29502804?
True
Does 3761 divide 101125768?
True
Does 381 divide 4946998?
False
Is 7949596 a multiple of 4?
True
Does 198 divide 5491728?
True
Is 18 a factor of 1223657676?
True
Is 1275 a factor of 424575?
True
Does 8 divide 135444168?
True
Is 4808539 a multiple of 23?
False
Is 88 a factor of 12026784?
True
Is 2765646234 a multiple of 6390?
False
Is 49 a factor of 237704635?
True
Does 196 divide 19779254?
False
Does 108 divide 7723166?
False
Does 12 divide 1448747887?
False
Is 2005337 a multiple of 256?
False
Is 30948624 a multiple of 36?
True
Does 4280 divide 108964520?
True
Is 173289304 a multiple of 429?
False
Is 791 a factor of 403449896?
False
Is 28150440 a multiple of 120?
True
Is 663453907 a multiple of 677?
True
Is 1188066480 a multiple of 944?
True
Is 262789110 a multiple of 162?
True
Is 16538094 a multiple of 2187?
True
Is 625410935 a multiple of 385?
False
Is 40 a factor of 753754760?
True
Does 2252 divide 7674227?
False
Is 117 a factor of 122896800?
True
Is 28 a factor of 114579778?
False
Is 1000384992 a multiple of 4896?
True
Is 2686 a factor of 288266132?
False
Is 4 a factor of 86858158?
False
Is 188 a factor of 1348063814?
False
Is 140268622 a multiple of 1469?
False
Does 415 divide 18184712?
False
Is 136 a factor of 57647474?
False
Is 1043648 a multiple of 2?
True
Is 501224711 a multiple of 13?
True
Is 28143144 a multiple of 69?
False
Is 2108 a factor of 530780991?
False
Is 111830428 a multiple of 37?
True
Does 9 divide 3329226?
True
Does 5 divide 797529570?
True
Is 442 a factor of 879321489?
False
Is 141 a factor of 1623702778?
False
Does 33 divide 2417312469?
True
Is 192 a factor of 1577776512?
True
Does 1467 divide 26557553?
False
Is 680875300 a multiple of 7?
True
Is 531314428 a multiple of 42?
False
Is 43489655 a multiple of 1205?
True
Does 1841 divide 76861750?
True
Is 390018125 a multiple of 4375?
True
Does 657 divide 277712411?
False
Does 10 divide 837215482?
False
Is 204 a factor of 17604588?
True
Is 58 a factor of 7248956?
True
Is 242664200 a multiple of 1805?
True
Does 51 divide 2082642923?
False
Is 13112171 a multiple of 767?
False
Is 7 a factor of 221396875?
True
Is 1585622388 a multiple of 84?
True
Is 2971 a factor of 19636576?
False
Does 420 divide 35459760?
True
Is 2796363 a multiple of 81?
True
Is 34277300 a multiple of 20?
True
Does 13 divide 235223487?
False
Is 30 a factor of 9717420?
True
Does 2302 divide 762357630?
False
Does 151 divide 34781770?
False
Does 10 divide 8041435?
False
Is 72 a factor of 31603176?
True
Does 2343 divide 261122206?
False
Does 10 divide 275120678?
False
Is 1036039646 a multiple of 709?
False
Is 190 a factor of 208483217?
False
Does 179 divide 534141820?
False
Is 98319936 a multiple of 528?
True
Is 6181793 a multiple of 57?
False
Is 61766676 a multiple of 9?
True
Is 1720036341 a multiple of 207?
False
Is 28 a factor of 4215250?
False
Is 15453731 a multiple of 12?
False
Is 370 a factor of 372784620?
True
Does 245 divide 138059403?
False
Is 14 a factor of 13844112?
False
Is 126383104 a multiple of 128?
True
Does 2172 divide 21861117?
False
Is 321 a factor of 409660200?
True
Is 3622 a factor of 119641365?
False
Is 65 a factor of 1679776084?
False
Is 149461980 a multiple of 10?
True
Does 1428 divide 327148459?
False
Is 385 a factor of 73079160?
True
Does 509 divide 259763534?
False
Does 714 divide 927442?
False
Does 11 divide 16239663?
True
Is 3 a factor of 54918498?
True
Is 30166857 a multiple of 21?
True
Is 2480 a factor of 884039078?
False
Is 68 a factor of 289904931?
False
Does 100 divide 1684780290?
False
Is 150468312 a multiple of 12?
True
Is 89 a factor of 32251909?
True
Is 149812968 a multiple of 46?
False
Is 26133320 a multiple of 831?
False
Is 41 a factor of 180244?
False
Is 7973424 a multiple of 54?
True
Is 119701395 a multiple of 891?
True
Is 55833088 a multiple of 945?
False
Is 646 a factor of 718692959?
False
Does 180 divide 75323160?
True
Does 3607 divide 2985940817?
False
Does 137 divide 1398702596?
True
Is 2909263 a multiple of 86?
False
Is 226477185 a multiple of 1050?
False
Is 130865280 a multiple of 728?
True
Is 74236134 a multiple of 651?
True
Is 41491809 a multiple of 62?
False
Is 1989458172 a multiple of 898?
False
Is 3300 a factor of 626179509?
False
Is 2 a factor of 13490039?
False
Is 12475648 a multiple of 4326?
False
Does 17 divide 119622267?
False
Is 796 a factor of 54426500?
True
Is 1491 a factor of 15989729?
False
Does 36 divide 14343714?
False
Does 31 divide 12672583?
True
Does 224 divide 57323451?
False
Is 152 a factor of 23046544?
True
Is 651 a factor of 3103104077?
False
Does 80 divide 1743078?
False
Does 7 divide 21019299?
True
Does 116 divide 33211046?
False
Is 1229 a factor of 45375909?
True
Is 14269613 a multiple of 19?
False
Is 20400446 a multiple of 2?
True
Does 666 divide 49875209?
False
Is 4 a factor of 94251049?
False
Is 800 a factor of 75337600?
True
Does 318 divide 114346440?
True
Does 16 divide 1103973056?
True
Does 23 divide 125603?
True
Is 3384634680 a multiple of 56?
True
Does 139 divide 12153465?
True
Is 65921520 a multiple of 105?
True
Does 71 divide 568955873?
True
Is 1043 a factor of 677923480?
False
Is 127453317 a multiple of 1120?
False
Does 136 divide 51111928?
True
Is 45554124 a multiple of 28?
True
Is 30 a factor of 11091720?
True
Is 63 a factor of 4619403?
False
Is 2095 a factor of 30999585?
False
Is 